inder when 263 is divided by 6.
5
What is the remainder when 188 is divided by 24?
20
What is the remainder when 1384 is divided by 69?
4
Calculate the remainder when 267 is divided by 144.
123
What is the remainder when 113 is divided by 11?
3
What is the remainder when 307 is divided by 82?
61
What is the remainder when 676 is divided by 129?
31
Calculate the remainder when 52 is divided by 1.
0
What is the remainder when 1043 is divided by 24?
11
Calculate the remainder when 229 is divided by 63.
40
What is the remainder when 129 is divided by 15?
9
Calculate the remainder when 88 is divided by 37.
14
Calculate the remainder when 310 is divided by 12.
10
What is the remainder when 175 is divided by 13?
6
What is the remainder when 191 is divided by 47?
3
Calculate the remainder when 382 is divided by 25.
7
Calculate the remainder when 4172 is divided by 35.
7
Calculate the remainder when 314 is divided by 139.
36
Calculate the remainder when 958 is divided by 20.
18
What is the remainder when 110 is divided by 33?
11
Calculate the remainder when 1009 is divided by 295.
124
What is the remainder when 355 is divided by 60?
55
Calculate the remainder when 205 is divided by 71.
63
What is the remainder when 36 is divided by 1?
0
What is the remainder when 2579 is divided by 9?
5
Calculate the remainder when 78 is divided by 10.
8
Calculate the remainder when 416 is divided by 40.
16
What is the remainder when 409 is divided by 203?
3
Calculate the remainder when 2097 is divided by 15.
12
What is the remainder when 3297 is divided by 28?
21
Calculate the remainder when 95 is divided by 51.
44
What is the remainder when 168 is divided by 112?
56
Calculate the remainder when 156 is divided by 35.
16
Calculate the remainder when 531 is divided by 513.
18
What is the remainder when 12 is divided by 5?
2
Calculate the remainder when 57 is divided by 23.
11
Calculate the remainder when 66 is divided by 42.
24
Calculate the remainder when 1678 is divided by 14.
12
What is the remainder when 1180 is divided by 283?
48
Calculate the remainder when 3202 is divided by 30.
22
What is the remainder when 104 is divided by 81?
23
Calculate the remainder when 171 is divided by 61.
49
What is the remainder when 96 is divided by 38?
20
Calculate the remainder when 261 is divided by 143.
118
What is the remainder when 236 is divided by 34?
32
Calculate the remainder when 126 is divided by 10.
6
Calculate the remainder when 419 is divided by 42.
41
Calculate the remainder when 85 is divided by 5.
0
What is the remainder when 107 is divided by 103?
4
What is the remainder when 4 is divided by 2?
0
What is the remainder when 1876 is divided by 99?
94
What is the remainder when 557 is divided by 24?
5
What is the remainder when 71 is divided by 24?
23
What is the remainder when 256 is divided by 187?
69
Calculate the remainder when 208 is divided by 49.
12
Calculate the remainder when 785 is divided by 13.
5
Calculate the remainder when 619 is divided by 14.
3
Calculate the remainder when 21365 is divided by 9.
8
Calculate the remainder when 11 is divided by 5.
1
Calculate the remainder when 75 is divided by 7.
5
What is the remainder when 488 is divided by 101?
84
Calculate the remainder when 82 is divided by 29.
24
What is the remainder when 152 is divided by 32?
24
What is the remainder when 63 is divided by 28?
7
Calculate the remainder when 1163 is divided by 30.
23
Calculate the remainder when 552 is divided by 41.
19
Calculate the remainder when 210 is divided by 23.
3
What is the remainder when 83 is divided by 12?
11
What is the remainder when 108 is divided by 31?
15
Calculate the remainder when 116 is divided by 42.
32
Calculate the remainder when 1078 is divided by 35.
28
Calculate the remainder when 302 is divided by 102.
98
What is the remainder when 112 is divided by 4?
0
What is the remainder when 26 is divided by 18?
8
What is the remainder when 397 is divided by 120?
37
What is the remainder when 10 is divided by 3?
1
Calculate the remainder when 803 is divided by 27.
20
Calculate the remainder when 415 is divided by 112.
79
What is the remainder when 817 is divided by 10?
7
What is the remainder when 125 is divided by 14?
13
Calculate the remainder when 216 is divided by 37.
31
Calculate the remainder when 466 is divided by 463.
3
What is the remainder when 74 is divided by 2?
0
Calculate the remainder when 515 is divided by 86.
85
What is the remainder when 186 is divided by 173?
13
Calculate the remainder when 848 is divided by 25.
23
Calculate the remainder when 413 is divided by 46.
45
Calculate the remainder when 2668 is divided by 8.
4
What is the remainder when 1679 is divided by 23?
0
What is the remainder when 294 is divided by 20?
14
What is the remainder when 191 is divided by 4?
3
Calculate the remainder when 735 is divided by 21.
0
What is the remainder when 569 is divided by 57?
56
What is the remainder when 188 is divided by 9?
8
Calculate the remainder when 4704 is divided by 1568.
0
What is the remainder when 244 is divided by 130?
114
What is the remainder when 245 is divided by 28?
21
What is the remainder when 490 is divided by 46?
30
What is the remainder when 918 is divided by 36?
18
Calculate the remainder when 47 is divided by 8.
7
Calculate the remainder when 220 is divided by 25.
20
What is the remainder when 282 is divided by 44?
18
Calculate the remainder when 314 is divided by 107.
100
Calculate the remainder when 591 is divided by 23.
16
Calculate the remainder when 591 is divided by 590.
1
Calculate the remainder when 113 is divided by 17.
11
Calculate the remainder when 144 is divided by 19.
11
Calculate the remainder when 3081 is divided by 1540.
1
Calculate the remainder when 9679 is divided by 40.
39
Calculate the remainder when 146 is divided by 3.
2
What is the remainder when 46 is divided by 14?
4
Calculate the remainder when 2554 is divided by 99.
79
What is the remainder when 4647 is divided by 14?
13
Calculate the remainder when 85 is divided by 25.
10
Calculate the remainder when 1170 is divided by 192.
18
Calculate the remainder when 54 is divided by 30.
24
What is the remainder when 4458 is divided by 194?
190
What is the remainder when 429 is divided by 232?
197
What is the remainder when 210 is divided by 56?
42
What is the remainder when 343 is divided by 161?
21
Calculate the remainder when 33 is divided by 24.
9
Calculate the remainder when 436 is divided by 20.
16
Calculate the remainder when 204 is divided by 101.
2
Calculate the remainder when 5885 is divided by 109.
108
Calculate the remainder when 46 is divided by 5.
1
What is the remainder when 560 is divided by 17?
16
Calculate the remainder when 108 is divided by 48.
12
What is the remainder when 122 is divided by 3?
2
Calculate the remainder when 4381 is divided by 1094.
5
What is the remainder when 159 is divided by 52?
3
What is the remainder when 709 is divided by 348?
13
Calculate the remainder when 150 is divided by 12.
6
Calculate the remainder when 143 is divided by 4.
3
What is the remainder when 338 is divided by 74?
42
What is the remainder when 114 is divided by 113?
1
Calculate the remainder when 11454 is divided by 9.
6
What is the remainder when 217 is divided by 37?
32
Calculate the remainder when 366 is divided by 328.
38
Calculate the remainder when 543 is divided by 26.
23
Calculate the remainder when 77 is divided by 20.
17
What is the remainder when 26 is divided by 18?
8
What is the remainder when 144 is divided by 94?
50
Calculate the remainder when 770 is divided by 199.
173
What is the remainder when 156 is divided by 49?
9
What is the remainder when 1104 is divided by 27?
24
What is the remainder when 214 is divided by 24?
22
What is the remainder when 1823 is divided by 114?
113
Calculate the remainder when 392 is divided by 80.
72
Calculate the remainder when 37 is divided by 9.
1
What is the remainder when 17 is divided by 7?
3
What is the remainder when 163 is divided by 84?
79
Calculate the remainder when 584 is divided by 575.
9
Calculate the remainder when 251 is divided by 41.
5
What is the remainder when 98 is divided by 42?
14
What is the remainder when 5586 is divided by 243?
240
What is the remainder 